
-6
Let b(i) = 5 + 1 - 2 + 2*i. Let y(q) be the second derivative of q**3/6 + 5*q**2/2 - q. Let f(n) = -2*b(n) + 3*y(n). What is f(5)?
2
Let y(q) = q**3 - 7*q**2 + 6*q + 3. Let a be ((-9)/5)/(57/10 + -6). Calculate y(a).
3
Suppose h + 0*h = 5. Suppose -3*q + 4*o - 12 = -h*q, -q - 3*o + 8 = 0. Suppose -q*g - 16 = 2*g. Let b(d) = -d**3 - 4*d**2 - 3*d - 5. Give b(g).
7
Suppose -5*n + 4*t = -84, -4*n - 4*t + 82 + 14 = 0. Let u be n/(-6)*15/10. Let l(o) = -o - 6. Calculate l(u).
-1
Let m(r) be the first derivative of -r**3/3 + 4*r - 15. What is m(-3)?
-5
Let o(p) = p**2 + 6*p - 4. Let n = -15 + 6. Let r = -14 - n. Determine o(r).
-9
Let c(d) = -d + 1. Suppose -21*p - 4 = -19*p. Calculate c(p).
3
Let n = 1 + -1. Let q be (1 - n)/(3/9). Let i(l) = -3 + q + 1 + 2*l. Determine i(-1).
-1
Let v = -3 - 1. Let x = 4 + v. Let o(j) = -j**3 + j**2 + 4. Give o(x).
4
Let t(w) be the first derivative of -w**3/2 + 3*w**2/2 - 4*w - 2. Let u(m) be the first derivative of t(m). Give u(5).
-12
Let f(j) = 4*j + 3. Let s be 5 - (-2)/(-4)*4. Suppose 0 = -s*a - 27 + 9. Let n(y) = -y - 8. Let d be n(a). Determine f(d).
-5
Let k(x) be the third derivative of x**8/1344 - x**7/1260 + x**5/120 + x**4/12 - 3*x**2. Let w(a) be the second derivative of k(a). What is w(1)?
4
Let j(y) = -5*y**2 + 34 - 3*y - y**3 - 28 - y**2. Let c(o) = -2*o**2 - 5*o - 2. Suppose -6 = x - f, 7*f = -4*x + 3*f. Let w be c(x). Determine j(w).
-4
Let w(i) = -3*i**2 - 2*i - 1. Let s(o) = -16*o**2 - 9*o - 4. Let h(t) = -2*s(t) + 11*w(t). Let v be h(-3). Let l(n) = 0*n - n + v - 1. Calculate l(1).
-2
Let y(u) be the first derivative of -3 + 0*u + 0*u**2 + 1/3*u**3 - 5/2*u**4. Give y(1).
-9
Let j(b) = -b - 9. Let l(m) = -2*m - 17. Let o(c) = 5*j(c) - 2*l(c). What is o(-7)?
-4
Let w(f) = -272 + 272 - f. Give w(0).
0
Suppose 3*c + 0*c = -12. Let a(r) = 2*r**2 + r + 8. Let b(p) = 3*p**2 + 8. Let o(w) = c*a(w) + 3*b(w). Determine o(6).
4
Suppose -3*z - b - 25 = 0, 4*b + 3 = 4*z + 31. Let c = z - -10. Let o(a) = 3*a - 2. What is o(c)?
4
Suppose -2*x + 2 = 5*a - 1, 0 = -2*x + 8. Let j = -3 + a. Let h(z) = z**2 + 4*z - 1. What is h(j)?
-1
Let a(o) be the third derivative of 1/24*o**4 + 3*o**2 + 0*o + 1/6*o**3 + 0. Give a(4).
5
Let r(t) be the second derivative of t**4/12 - t**3/6 - t**2/2 - 13*t. Determine r(-1).
1
Let v(u) = -4*u**3 + 5*u + 4. Let o(h) = 5*h**3 + h**2 - 6*h - 4. Let p(l) = -3*o(l) - 4*v(l). Suppose 5*w + 0*k = 3*k + 29, -5*w + k = -23. Determine p(w).
4
Let u(q) = -2*q + 3. Let b(i) = -2*i + 2. Let w(z) = -6*b(z) + 7*u(z). Calculate w(9).
-9
Let k = -8 + 13. Suppose -2*t - 6 = -3*r - 3, -2*r - 9 = -k*t. Let f(s) = 2*s**2 - 4*s + 2. What is f(t)?
8
Let g(o) = -o**2. Let q(i) = -8*i**2 - 3*i - 2. Let z(f) = 5*g(f) - q(f). Calculate z(-2).
8
Let y = -44 + 48. Let m(u) = -3*u + 0 - u + u**2 + 5. Determine m(y).
5
Suppose 4*p = -2*i + 28, p - 5*i = -2*p - 5. Let j(s) = -s**2 + 5*s - 6. Calculate j(p).
-6
Suppose -4*w = -2*z - 14, -w + 0 - 1 = z. Let b(u) = -5 + 3 - w*u + u**2 + 1 - 2. Determine b(4).
5
Let p(h) be the third derivative of -h**6/120 - h**5/30 - h**4/24 - 3*h**2. Determine p(-2).
2
Let s(p) be the first derivative of -p**3/3 + 3*p**2/2 - 3*p + 9. Determine s(4).
-7
Let s(o) be the first derivative of o**3/3 - 7*o**2/2 + o + 5. Determine s(3).
-11
Let f(b) = -b**2 + b + 4. Suppose 3*z + 15 = w, -w + 5*z = -4*w + 45. Suppose 12*p - 17*p + w = 0. What is f(p)?
-2
Suppose 6 = f + 3. Let r(p) be the third derivative of 1/60*p**5 + 0*p - 1/3*p**3 - 7*p**2 - 1/6*p**4 + 0. Calculate r(f).
-5
Let b(o) = -o - 753 + 751 - 5*o**2 + 0*o**2. Calculate b(-2).
-20
Let j be (-14)/2*(-1)/1. Let b = j - 7. Suppose 0 = -b*n + 3*n - 12. Let h(s) = s**2 - 4*s + 2. Give h(n).
2
Let h be 12/2*(0 + 1). Let w(b) = 5*b - 2. Let o(t) = -4*t + 1. Let v(i) = -6*o(i) - 5*w(i). Give v(h).
-2
Let t(n) = 6*n - 2. Let b be t(2). Suppose 3*u = -b - 5. Let o(w) = w**3 + 5*w**2 - w + 3. What is o(u)?
8
Let d(g) be the second derivative of -g**4/6 + 2*g**3/3 - g**2/2 + 6*g + 6. What is d(3)?
-7
Let i(c) = c - 1. Let f(x) = x - 1. Let g(m) = -5*f(m) + 3*i(m). Let n(p) = p**3 + 3*p**2 - 6*p - 3. Let y be n(-4). Give g(y).
-8
Let k(x) be the second derivative of x**5/20 + x**4/2 + 2*x**3/3 - 2*x**2 - 7*x. What is k(-5)?
1
Let o(i) = -i**2 + i**2 - 7*i**2 + i - 2*i. What is o(1)?
-8
Let f(t) = 0*t**2 - 2*t + t**2 + 1 + 8*t. Let g(d) = -2*d**2 + d + 1. Let z = -1 - -3. Let s be g(z). Determine f(s).
-4
Let j = -8 - -12. Suppose 3*x = 2*x, 5*w - j*x = 0. Suppose -u + w = 2. Let k(g) = g**3 + g**2 - g + 1. Determine k(u).
-1
Let h(q) be the first derivative of -3*q + 2 + 1/3*q**3 - 1/2*q**2. Give h(0).
-3
Suppose -2*g = 3*x + 2*g - 18, -x = -4*g + 10. Suppose -1 = -3*f + x. Let u(q) = -4*q**3 + q**2 - 2*q + 1. Calculate u(f).
-4
Let v = 108 + -113. Let j(f) = f + 1. Let a(z) = -4*z + 3. Let d(r) = -a(r) - 5*j(r). Give d(v).
-3
Let h(r) = r**2 + 4*r. Let o(l) = 5*l**3 + l**2 - l - 2. Let y be o(-1). Give h(y).
5
Let a(d) = -d**3 - 4*d**2 + 5*d + 3. Let l(q) = -q**3 + 5*q**2 - 3*q - 2. Let y be l(4). Suppose -13 = -y*s - 3*z + 7, 0 = -3*z + 6. Let j = s + -12. Give a(j).
3
Suppose 14 = 3*x - 7. Let y(m) = -2*m + 3 + m**2 + x*m + 0*m + 2. Calculate y(-6).
11
Let q(r) be the first derivative of 0*r**3 - 1/60*r**5 - 3/2*r**2 + 0*r**4 - 3 + 0*r. Let i(h) be the second derivative of q(h). Determine i(-1).
-1
Let z = -9 - -15. Let l(m) = -m + 5. What is l(z)?
-1
Let r(u) be the third derivative of -u**7/5040 - u**5/60 + 5*u**2. Let t(j) be the third derivative of r(j). Calculate t(4).
-4
Suppose -2*u + 11*u - 27 = 0. Suppose 2*g + 5*m - 23 = g, g + 1 = m. Let o(x) = x**u - g + 3 + 2*x**2 - x**2. Calculate o(-2).
-4
Suppose -4 = -4*s - 0*s. Let y(z) = 7*z. Calculate y(s).
7
Let w(g) = g**3 + 5*g**2 - 3. Let v be -1 - (-4)/2*-1. Let k be 1 + -1*(2 + v). Let u be -5*(k/(-2) - -2). Give w(u).
-3
Let y(k) = -k**2 - 5*k + 0*k**2 + 3 - 5 + 0. Let s be y(-3). Let j(n) = -n**3 + 5*n**2 - n - 1. Give j(s).
11
Suppose -4*c = -3*f - 24, 5*c - 4 + 1 = -3*f. Suppose 0 = -t + c*o + 6, 4*t = -2*o - 1 - 3. Let i(l) = 2*l + 1 - 2 + t*l. Give i(-2).
-5
Let c(z) = -2*z - 2*z + 3*z**2 - 4*z**2 - z - 3. Let t = -3 + 6. Suppose 16 = -7*q + t*q. Give c(q).
1
Suppose 2*j - 6 + 18 = 2*m, 0 = m. Let f(y) = -2*y + 1. What is f(j)?
13
Let m(o) = o**3 - 3*o**2 + 0 - 4 - 2*o**3 - 5*o - o**2. Give m(-3).
2
Suppose 2*h = -0*h + g + 5, 5 = -g. Let n(b) be the second derivative of -1/3*b**3 + h + 3/2*b**2 + 2*b. What is n(4)?
-5
Let m(n) be the first derivative of -n**3/3 - 2*n**2 + 2*n + 1. Suppose 0 = 13*a - 18*a - 20. Determine m(a).
2
Let z(d) = 5*d**3 + 1. Suppose -3*v - 2*c = 1, 0 = -3*v - 2*c + 3*c - 4. Determine z(v).
-4
Let m(k) = k - 4. Let i(w) = -3*w - 6. Let a be i(-4). Let x be (-7)/(-2) - a/12. Suppose 8*h - x*h = 0. Determine m(h).
-4
Let u be (-3)/((-21)/(-6) + -2). Let z = -1 - u. Let h(a) = z - 6*a - 7*a**3 + 6*a. Give h(1).
-6
Let g(x) = -x**3 - 4*x**2 + x + 1. Suppose -2*q - 6 = -2*k, 5*k - 6 - 1 = 3*q. Determine g(q).
-3
Let p(n) be the first derivative of -4*n - 1/4*n**4 - 5/3*n**3 - 5/2*n**2 + 3. Calculate p(-3).
-7
Let u(x) = 9*x**3 - 7*x**2 - 9*x + 19. Let g(i) = -4*i**3 + 3*i**2 + 4*i - 9. Let m(o) = -13*g(o) - 6*u(o). Determine m(3).
-18
Suppose 5*i + 0*s - 52 = 4*s, -5 = -i - s. Let x(y) = -y**2 + 7*y + 9. Calculate x(i).
1
Let n(y) = y - 1. Let t be (-11)/(-3) + 1/3. Suppose 3 = -t*w - 3*z - 20, 4*z + 28 = -4*w. What is n(w)?
-3
Let v(m) = m**3 - m**2 - m. Let t = -2 - -4. Give v(t).
2
Suppose 0 = -p - 2*p + 6. Let z(o) = -32*o**2 + 17*o**p + 19*o**2. Give z(1).
4
Let d(z) = z**3 - 6*z**2 + 5*z + 2. Let r be ((-6)/(-1))/(6/8). Let n(o) = -r*o + 7*o + 2*o. Let a be n(5). Calculate d(a).
2
Let h(s) = -s + 8. Let q(l) = 4*l - 34. Let n(b) = 9*h(b) + 2*q(b). What is n(6)?
-2
Let y(m) be the third derivative of m**7/840 - m**6/60 + m**5/30 - m**4/24 + m**3 - 3*m**2. Let b(h) be the first derivative of y(h). Calculate b(5).
-6
Let i(t) be the third derivative of 1/60*t**5 + 0*t - 5/24*t**4 + 0 + t**2 + 7/6*t**3. Let v = 1019 - 1014. Give i(v).
7
Let p(k) = -k**3 + 7*k**2 + k - 3. Let f be p(7). Let u(y) = y + 2. Let q(s) = 2*s + 3. Let b(t) = 3*q(t) - 5*u(t). What is b(f)?
3
Let y(l) = 2*l**2 - 6*l + 4. Let d be y(4). Let g = d + -8. Let o(f) = 